r - 244 = -2*r. Calculate the remainder when r is divided by (-25 - 1336/(-48))*12.
20
Suppose 4*d = -4*w + 468, -w = w - 5*d - 227. Suppose 0 = 3*f + 2*g - 62 - 12, 5*f - 4*g = w. Calculate the remainder when 88 is divided by f.
16
Suppose s + 5*b - 224 - 73 = 0, -2*b = 3*s - 891. Calculate the remainder when s is divided by 75.
72
Let y = -239 + 239. Suppose -3*h + 7*f - 12*f + 268 = 0, -f + 5 = y. Calculate the remainder when h is divided by 29.
23
Let y(t) = t**2 - 56*t + 315. Calculate the remainder when 1834 is divided by y(51).
34
Suppose -4*s + 5*v = 3*v + 20, 2*v = -4. Let g(d) = -d**3 - 6*d**2 - 8*d - 18. What is the remainder when 67 is divided by g(s)?
7
Suppose -1049 - 1927 = -45*b + 264. Calculate the remainder when 1648 is divided by b.
64
Let n be -2 + (-2)/(-2) - -19. Suppose 3*g - 4*l - 26 = 0, g - 46 = -5*l - 31. Calculate the remainder when (n/5)/((-24)/(-320)) is divided by g.
8
Let m(d) = 3*d**2 - 177*d - 67. Calculate the remainder when m(63) is divided by 21.
17
Suppose 4*d = 10*d - 2226. Suppose 383*g = d*g + 1716. Calculate the remainder when g is divided by 48.
47
Let p(t) = 18*t + 1. Suppose 379*c - 12324 = -648*c. What is the remainder when p(2) is divided by c?
1
Let v = -156 + 182. Let b(d) = 12*d - 200. Calculate the remainder when b(v) is divided by 31.
19
Let t = 4169 + -3870. What is the remainder when t is divided by 25?
24
Suppose 352*b - 418 - 6344 = -131*b. Suppose 0 = 2*s - 7*s + 10. Suppose 42 = 2*m - 2*l, 4*l = -s*m - 4 + 76. What is the remainder when m is divided by b?
12
Let u = 930 - 283. Suppose -4*p = -r - 865, -10*p - r + u = -7*p. Calculate the remainder when p is divided by 44.
40
Suppose 5*u - 4*v = 1841, -4*v - 24 = -8*v. Calculate the remainder when u is divided by 14.
9
Suppose 11*p = 4*b + 8*p - 849, -4*b + 852 = -4*p. What is the remainder when b is divided by 38?
20
Suppose -5 = -8*b + 355. Suppose -i - c - b = c, -i + c = 60. What is the remainder when 10/i - 233/(-11) is divided by 16?
5
Suppose -21*u + 4*c = -16*u - 6387, -3*c = 2*u - 2564. Calculate the remainder when 2568 is divided by u.
10
Let g(o) = o**3 - 15*o**2 - 17*o + 48. Let v be g(15). Let a = v + 216. What is the remainder when 56 is divided by a?
2
Let s(b) = 54*b - 397. Calculate the remainder when 313 is divided by s(8).
33
Suppose 6*o + 60 = 10*o. Let v = 54 - 51. Suppose -2*f = l - v*l, -f - 3*l + 20 = 0. Calculate the remainder when o is divided by f.
0
Let r(x) = -151*x + 26. Calculate the remainder when 2049 is divided by r(0).
21
Suppose 5*g = -15*g - 1500. Let m = g + 92. What is the remainder when 37 is divided by m?
3
Let u(i) = 2*i**3 - 4*i**2 + i + 2. Let k(s) be the first derivative of 3*s**2/2 + 17*s - 78. Calculate the remainder when u(3) is divided by k(-3).
7
Suppose 122*k - 313*k + 17889 = -8851. What is the remainder when 2460 is divided by k?
80
Let x = -25 - -35. Let a = 34 - x. Suppose 0 = -3*l - b + 204, -4*l + 3*b + 147 = -2*l. What is the remainder when l is divided by a?
21
Let y = 249 - 241. What is the remainder when 76/y*(-1 - -3) is divided by 5?
4
Suppose 0*m + 21 = 7*m. Suppose 97 = -m*f - 3*o - 14, 0 = 5*f - 2*o + 178. Calculate the remainder when (-2)/6 + (-1776)/f is divided by 17.
15
Let n = -10 - -9. Let p = n - -17. Suppose 7*f - 251 = 183. What is the remainder when f is divided by p?
14
Suppose -2568 = -98*l - 9*l. Calculate the remainder when 228 is divided by l.
12
Calculate the remainder when ((-1521)/15)/(4/10)*(-1120)/80 is divided by 142.
141
Let n(b) = -15*b + 65 + 54*b - 23*b - 30*b. What is the remainder when n(-12) is divided by 5?
3
Let m(a) = -a. Let r(q) = 4*q**2 + 21*q - 15. Let b(d) = 3*m(d) + r(d). Calculate the remainder when b(-7) is divided by 23.
9
Suppose -10*i + 21 = -519. Suppose 63*b = i*b + 774. Calculate the remainder when 600 is divided by b.
84
Suppose -80*a = -166*a + 102*a - 512. Calculate the remainder when 1130 is divided by a.
10
Let s be 7*(-2)/(-2) - 0/28. What is the remainder when 219 is divided by -16*4/32*-4*s?
51
Suppose -2*v - 5*s + 151 = 0, 6*v - 4*s - 397 = -39. Calculate the remainder when 1288 is divided by v.
28
Let r(u) = 2*u**2 + 72*u + 41. Let b be 248/(-7) + (-160)/280. Calculate the remainder when r(b) is divided by 9.
5
Suppose 768 = 12*k + 156. Suppose 4*v - 3*v - k = -2*d, -5*d = 0. What is the remainder when v is divided by 14?
9
Let h be (38/8 - -1)*1092/39. Suppose 3*g - 4*x - h = -3*x, 2*x + 160 = 3*g. Calculate the remainder when g is divided by 8.
6
Suppose 2*u = v + v + 20, -5*u - 3*v + 42 = 0. Let j = 492 - 184. Let h = 325 - j. Calculate the remainder when h is divided by u.
8
Suppose 108*b - 34478 - 13161 = 35413. Calculate the remainder when b is divided by 10.
9
Suppose 3*m - 3*a + 0 = 171, m - 63 = -5*a. What is the remainder when m is divided by (-5)/10 - (-116)/8?
2
Suppose -30*n = -32*n - 3*h + 24, -3*n + 2*h + 10 = 0. Calculate the remainder when 1057/21 - 2/n is divided by 18.
14
Let g(j) = -j**2 + 12*j + 23. Let y be g(13). Suppose i + 126 = y*i. Suppose r - 4*x = 69, -x = -5*r + x + 399. Calculate the remainder when r is divided by i.
11
What is the remainder when ((-20)/40)/(6/1588)*-51 is divided by 16?
13
Calculate the remainder when ((-810)/50 + 8)/(4 + 63/(-15)) is divided by 4.
1
Suppose -2*o + 4*o - 112 = 0. Calculate the remainder when ((-8)/(-72)*-471)/((-4)/12) is divided by o.
45
Suppose w + 5*s - 79 + 7 = 0, 90 = w - s. Let i = 0 + 13. What is the remainder when w is divided by i?
9
Suppose 0 = 5*o + 2*i - 141, 4*o - 3*i - 320 = -198. What is the remainder when 2083 is divided by o?
24
Suppose 5*s = -2*v + 10, 0 = v + 2*v - 2*s - 34. Suppose -v*x + 4*x = -174. What is the remainder when x is divided by 10?
9
Let d = -4052 + 4277. Calculate the remainder when 899 is divided by d.
224
Let l(f) = 4*f**2 + 40*f + 3. Let q(v) = -20*v**2 - 197*v - 15. Let g(x) = -11*l(x) - 2*q(x). What is the remainder when 53 is divided by g(-11)?
15
Let j = -15184 + 15191. What is the remainder when 2671 is divided by j?
4
Let s(k) = 12*k**2 + 27*k**3 - 51*k**3 - 8 + 25*k**3 + 33*k. Let v be s(-6). What is the remainder when 27 is divided by v - 1/5*0?
7
Let n = -7326 + 7726. Calculate the remainder when n is divided by 137.
126
Suppose 0 = 20*u - 23*u. Let d = 33 - u. Suppose 3 + d = m. What is the remainder when m is divided by 13?
10
Let f = -55082 + 55660. Suppose -5*g + 357 - 67 = 0. What is the remainder when f is divided by g?
56
Let f(b) = 2*b**2 + b + 2298. Calculate the remainder when f(-54) is divided by 14.
12
Suppose 0 = -7*q + 244 - 650. Let u = -62 - q. Calculate the remainder when (-2)/u - (-1560)/48 is divided by 12.
9
What is the remainder when 498 is divided by 307 + -196 - 12/(-3)?
38
Let m(b) = -16*b**2 - 11*b + 17. Let q(g) = -48*g**2 - 34*g + 50. Let r(o) = -16*m(o) + 5*q(o). Calculate the remainder when r(3) is divided by 12.
8
Suppose 3*j + 10*w - 12*w - 1451 = 0, -1963 = -4*j - 3*w. Calculate the remainder when j is divided by 123.
118
Suppose 20*o - 56*o + 12420 = 0. What is the remainder when o is divided by 87?
84
Suppose -3*l = -3*g + 234, -4*g + 251 = -l - 61. What is the remainder when 641 is divided by g?
17
Let p(u) = -3*u - 16 - 15*u - 31*u**2 + 32*u**2. What is the remainder when 167 is divided by p(20)?
23
Suppose 0 = 5*i - 20*d + 24*d - 531, d + 202 = 2*i. What is the remainder when 422 is divided by i?
10
Suppose 21*y - 205 - 579 = 5*y. Calculate the remainder when 1625 is divided by y.
8
Suppose 2*v + 4*k = 4*v + 134, -2*k = -4*v - 298. Let z = v - -99. Let p = 0 - -41. Calculate the remainder when p is divided by z.
19
Calculate the remainder when (-25)/((-450)/252) + 456 is divided by 101.
66
What is the remainder when 1182*((-72)/(-216) - (-2 - -4)/(-12)) is divided by 9?
6
Suppose 10*u = 11*u - 58. What is the remainder when u is divided by (-11)/1 + 256/4?
5
Let a(s) = 40*s**2 + 276*s + 3032. What is the remainder when a(-11) is divided by 10?
6
Let i be 52*(-5)/(100/(-15)). Let o = 42 - i. Suppose -3*j - 23 = -o*n + 13, -2*j = n. What is the remainder when 29 is divided by n?
5
Let g(t) = -t**3 - 4*t**2 - 2*t + 2. Let f be g(-4). What is the remainder when (216/f)/(291/(-30) + 10) is divided by 15?
12
Let t(m) be the first derivative of m**3 - 5*m**2/2 - 10*m - 24. 